divided by 435.
433
Calculate the remainder when 21394 is divided by 165.
109
Calculate the remainder when 252939 is divided by 385.
379
Calculate the remainder when 423356 is divided by 360.
356
What is the remainder when 19068 is divided by 1271?
3
What is the remainder when 1127878 is divided by 9?
7
What is the remainder when 2193 is divided by 215?
43
Calculate the remainder when 683162 is divided by 131.
128
What is the remainder when 2138 is divided by 1036?
66
What is the remainder when 2433 is divided by 580?
113
What is the remainder when 478286 is divided by 321?
317
Calculate the remainder when 357 is divided by 219.
138
Calculate the remainder when 11155 is divided by 1941.
1450
What is the remainder when 15670 is divided by 459?
64
What is the remainder when 531 is divided by 85?
21
Calculate the remainder when 377447 is divided by 182.
161
Calculate the remainder when 2351 is divided by 19.
14
Calculate the remainder when 52400 is divided by 13100.
0
Calculate the remainder when 30140 is divided by 456.
44
Calculate the remainder when 705 is divided by 323.
59
What is the remainder when 19794 is divided by 14?
12
Calculate the remainder when 25672 is divided by 372.
4
What is the remainder when 136745 is divided by 2?
1
Calculate the remainder when 90997 is divided by 342.
25
Calculate the remainder when 9343 is divided by 10.
3
Calculate the remainder when 2605119 is divided by 351.
348
What is the remainder when 188 is divided by 105?
83
Calculate the remainder when 1124 is divided by 4.
0
What is the remainder when 769677 is divided by 11?
7
Calculate the remainder when 103705 is divided by 28.
21
Calculate the remainder when 1084128 is divided by 389.
374
Calculate the remainder when 240974 is divided by 60242.
6
What is the remainder when 223932 is divided by 78?
72
Calculate the remainder when 58379 is divided by 210.
209
What is the remainder when 21253 is divided by 5118?
781
What is the remainder when 16570 is divided by 10?
0
Calculate the remainder when 45271 is divided by 117.
109
What is the remainder when 49292 is divided by 49?
47
Calculate the remainder when 13603 is divided by 4530.
13
What is the remainder when 14290 is divided by 1042?
744
Calculate the remainder when 132106 is divided by 1518.
40
What is the remainder when 1604 is divided by 414?
362
What is the remainder when 1094 is divided by 105?
44
Calculate the remainder when 11999 is divided by 222.
11
Calculate the remainder when 112604 is divided by 816.
812
Calculate the remainder when 1509 is divided by 370.
29
What is the remainder when 4668 is divided by 95?
13
Calculate the remainder when 33241 is divided by 6632.
81
What is the remainder when 7655 is divided by 87?
86
Calculate the remainder when 143750 is divided by 452.
14
What is the remainder when 2827 is divided by 453?
109
What is the remainder when 82531 is divided by 104?
59
What is the remainder when 619623 is divided by 38726?
7
Calculate the remainder when 486876 is divided by 16.
12
Calculate the remainder when 2055 is divided by 679.
18
What is the remainder when 877244 is divided by 96?
92
Calculate the remainder when 9260 is divided by 774.
746
What is the remainder when 131399 is divided by 14?
9
Calculate the remainder when 426 is divided by 349.
77
What is the remainder when 17661 is divided by 982?
967
What is the remainder when 67921 is divided by 22633?
22
What is the remainder when 62481 is divided by 364?
237
What is the remainder when 306676 is divided by 14?
6
What is the remainder when 551097 is divided by 17?
8
What is the remainder when 326661 is divided by 349?
346
Calculate the remainder when 47379 is divided by 7.
3
What is the remainder when 1025 is divided by 356?
313
Calculate the remainder when 25023 is divided by 136.
135
What is the remainder when 593 is divided by 296?
1
What is the remainder when 256135 is divided by 166?
163
Calculate the remainder when 2305 is divided by 287.
9
What is the remainder when 20298517 is divided by 88?
85
Calculate the remainder when 1543 is divided by 692.
159
What is the remainder when 15706 is divided by 39?
28
What is the remainder when 10759 is divided by 647?
407
What is the remainder when 119781 is divided by 138?
135
What is the remainder when 3810 is divided by 146?
14
What is the remainder when 48688 is divided by 188?
184
What is the remainder when 25132 is divided by 6260?
92
Calculate the remainder when 281721 is divided by 5.
1
What is the remainder when 1568575 is divided by 392143?
3
What is the remainder when 2044 is divided by 169?
16
What is the remainder when 56920 is divided by 143?
6
Calculate the remainder when 6430 is divided by 86.
66
What is the remainder when 31794 is divided by 226?
154
What is the remainder when 3186 is divided by 938?
372
What is the remainder when 4411 is divided by 4405?
6
What is the remainder when 4016 is divided by 154?
12
What is the remainder when 6077 is divided by 329?
155
Calculate the remainder when 171369 is divided by 902.
891
Calculate the remainder when 29050 is divided by 238.
14
Calculate the remainder when 2517318 is divided by 13.
11
What is the remainder when 7941889 is divided by 753?
751
Calculate the remainder when 1198 is divided by 193.
40
What is the remainder when 112553 is divided by 549?
8
Calculate the remainder when 9525 is divided by 16.
5
What is the remainder when 2821 is divided by 122?
15
What is the remainder when 474 is divided by 162?
150
What is the remainder when 818 is divided by 678?
140
Calculate the remainder when 1287076 is divided by 87.
85
What is the remainder when 2121 is divided by 116?
33
Calculate the remainder when 431 is divided by 82.
21
Calculate the remainder when 8411 is divided by 153.
149
What is the remainder when 19182 is divided by 21?
9
Calculate the remainder when 655 is divided by 521.
134
Calculate the remainder when 68515 is divided by 56.
27
Calculate the remainder when 18307 is divided by 6095.
22
Calculate the remainder when 42568 is divided by 99.
97
What is the remainder when 769049 is divided by 49?
43
Calculate the remainder when 241450 is divided by 706.
704
Calculate the remainder when 28680 is divided by 9.
6
Calculate the remainder when 2044 is divided by 617.
193
What is the remainder when 731912 is divided by 93?
2
What is the remainder when 12730 is divided by 2545?
5
What is the remainder when 172352 is divided by 172316?
36
Calculate the remainder when 1102 is divided by 906.
196
Calculate the remainder when 5594 is divided by 329.
1
Calculate the remainder when 140666 is divided by 144.
122
What is the remainder when 7523 is divided by 184?
163
What is the remainder when 19379 is divided by 61?
42
What is the remainder when 9442 is divided by 71?
70
Calculate the remainder when 14771 is divided by 24.
11
Calculate the remainder when 26715 is divided by 1195.
425
Calculate the remainder when 36243 is divided by 9059.
7
What is the remainder when 914405 is divided by 31?
29
Calculate the remainder when 18803 is divided by 9284.
235
What is the remainder when 24328 is divided by 79?
75
Calculate the remainder when 2743 is divided by 225.
43
Calculate the remainder when 150641 is divided by 176.
161
Calculate the remainder when 69320 is divided by 15.
5
Calculate the remainder when 116194 is divided by 138.
136
Calculate the remainder when 65707 is divided by 9.
7
What is the remainder when 49944 is divided by 416?
24
Calculate the remainder when 52466 is divided by 15.
11
Calculate the remainder when 5965 is divided by 186.
13
What is the remainder when 33865 is divided by 1387?
577
What is the remainder when 878937 is divided by 570?
567
Calculate the remainder when 13032 is divided by 137.
17
Calculate the remainder when 9179 is divided by 200.
179
Calculate the remainder when 4970 is divided by 275.
20
What is the remainder when 78194 is divided by 26063?
5
Calculate the remainder when 25554 is divided by 6386.
10
What is the remainder when 524 is divided by 315?
209
Calculate the remainder when 656 is divided by 181.
113
What is the remainder when 29819 is divided by 2286?
101
What is the remainder when 110021 is divided by 529?
518
What is the remainder when 295326 is divided by 29530?
26